{"id":14,"date":"2020-07-21T11:53:06","date_gmt":"2020-07-21T11:53:06","guid":{"rendered":"http:\/\/obour.themezinho.net\/?page_id=14"},"modified":"2025-05-14T14:34:01","modified_gmt":"2025-05-14T12:34:01","slug":"home","status":"publish","type":"page","link":"https:\/\/empiremarketing.ro\/agentie-de-marketing\/","title":{"rendered":"Home"},"content":{"rendered":"<div class=\"wpb-content-wrapper\"><p>[vc_row content_placement=&#8221;top&#8221; anchor_wrap_section=&#8221;no&#8221; css=&#8221;.vc_custom_1726142894092{background-color: #5513a0 !important;}&#8221;][vc_column css=&#8221;.vc_custom_1727074511099{margin-left: 0px !important;border-left-width: 0px !important;}&#8221; offset=&#8221;vc_col-xs-12&#8243;][ts_hero_slider hero_slider=&#8221;18&#8243;][\/vc_column][\/vc_row][vc_row section_ratio=&#8221;0.8&#8243; use_container=&#8221;yes&#8221; section_background_image=&#8221;281&#8243;][vc_column][vc_row_inner][vc_column_inner][ts_section_title tagline=&#8221;SERVICII DE MARKETING&#8221; title=&#8221;O agen\u021bie de marketing de top, care ofer\u0103 solu\u021bii complete.&#8221;][\/vc_column_inner][\/vc_row_inner][vc_row_inner][vc_column_inner width=&#8221;1\/2&#8243; offset=&#8221;vc_col-md-4&#8243;][ts_icon_box icon=&#8221;33&#8243;][vc_raw_html css=&#8221;&#8221;]JTNDaDQlMjBzdHlsZSUzRCUyMmZvbnQtZmFtaWx5JTNBJTIwJTI3Q29jb2dvb3NlJTIwQ2xhc3NpYyUyMExpZ2h0JTI3JTJDJTIwc2Fucy1zZXJpZiUzQiUyMiUzRSUwQSUyMCUyMCUzQ2ElMjBocmVmJTNEJTIyaHR0cHMlM0ElMkYlMkZlbXBpcmVtYXJrZXRpbmcucm8lMkZhZ2VudGllLWRlLW1hcmtldGluZyUyRmJyYW5kaW5nJTJGJTIyJTIwdGFyZ2V0JTNEJTIyX2JsYW5rJTIyJTIwc3R5bGUlM0QlMjJjb2xvciUzQSUyMCUyMzUxMDNBMyUzQiUyMHRleHQtZGVjb3JhdGlvbiUzQSUyMG5vbmUlM0IlMjIlM0UlMEElMjAlMjAlMjAlMjBJZGVudGl0YXRlJTIwVml6dWFsJUM0JTgzJTIwJTI2JTIwQnJhbmRpbmclMEElMjAlMjAlM0MlMkZhJTNFJTBBJTNDJTJGaDQlM0UlMEElM0NwJTIwc3R5bGUlM0QlMjJmb250LWZhbWlseSUzQSUyMCUyN0NvY29nb29zZSUyMENsYXNzaWMlMjBMaWdodCUyNyUyQyUyMHNhbnMtc2VyaWYlM0IlMjIlM0UlMEElMjAlMjBDb25zdHJ1aW0lMjBicmFuZHVyaSUyMG1lbW9yYWJpbGUlMjBwcmluJTIwZGVzaWduJTIwZGUlMjBsb2dvJTJDJTIwcGFsZXQlQzQlODMlMjBkZSUyMGN1bG9yaSUyQyUyMHRpcG9ncmFmaWUlMjAlQzglOTlpJTIwZ2hpZHVyaSUyMHZpenVhbGUlMjBjYXJlJTIwcmVmbGVjdCVDNCU4MyUyMHBlcnNvbmFsaXRhdGVhJTIwYWZhY2VyaWklMjB0YWxlLiUwQSUzQyUyRnAlM0U=[\/vc_raw_html][\/vc_column_inner][vc_column_inner width=&#8221;1\/2&#8243; offset=&#8221;vc_col-md-4&#8243;][ts_icon_box icon=&#8221;35&#8243;][vc_raw_html css=&#8221;&#8221;]JTNDaDQlMjBzdHlsZSUzRCUyMmZvbnQtZmFtaWx5JTNBJTIwJTI3Q29jb2dvb3NlJTIwQ2xhc3NpYyUyMExpZ2h0JTI3JTJDJTIwc2Fucy1zZXJpZiUzQiUyMiUzRSUwQSUyMCUyMCUzQ2ElMjBocmVmJTNEJTIyaHR0cHMlM0ElMkYlMkZlbXBpcmVtYXJrZXRpbmcucm8lMkZpZGVudGl0YXRlLXZpenVhbGElMkYlMjIlMjB0YXJnZXQlM0QlMjJfYmxhbmslMjIlMjBzdHlsZSUzRCUyMmNvbG9yJTNBJTIwJTIzNTEwM0EzJTNCJTIwdGV4dC1kZWNvcmF0aW9uJTNBJTIwbm9uZSUzQiUyMiUzRSUyMCUwQVdlYiUyMERlc2lnbiUyMCUyNiUyMERlenZvbHRhcmUlMEElMjAlMjAlM0MlMkZhJTNFJTBBJTNDJTJGaDQlM0UlMEElM0NwJTIwc3R5bGUlM0QlMjJmb250LWZhbWlseSUzQSUyMCUyN0NvY29nb29zZSUyMENsYXNzaWMlMjBMaWdodCUyNyUyQyUyMHNhbnMtc2VyaWYlM0IlMjIlM0UlMEElMjAlMjBDcmUlQzQlODNtJTIwc2l0ZS11cmklMjBtb2Rlcm5lJTJDJTIwcmVzcG9uc2l2ZSUyMCVDOCU5OWklMjByYXBpZGUlMkMlMjBjdSUyMGZvY3VzJTIwcGUlMjBleHBlcmllbiVDOCU5QmElMjB1dGlsaXphdG9ydWx1aSUyMCVDOCU5OWklMjBvcHRpbWl6YXJlJTIwcGVudHJ1JTIwY29udmVyc2lpLiUwQSUzQyUyRnAlM0U=[\/vc_raw_html][\/vc_column_inner][vc_column_inner width=&#8221;1\/2&#8243; offset=&#8221;vc_col-md-4&#8243;][ts_icon_box icon=&#8221;36&#8243;][vc_raw_html css=&#8221;&#8221;]JTNDaDQlMjBzdHlsZSUzRCUyMmZvbnQtZmFtaWx5JTNBJTIwJTI3Q29jb2dvb3NlJTIwQ2xhc3NpYyUyMExpZ2h0JTI3JTJDJTIwc2Fucy1zZXJpZiUzQiUyMiUzRSUwQSUyMCUyMCUzQ2ElMjBocmVmJTNEJTIyaHR0cHMlM0ElMkYlMkZlbXBpcmVtYXJrZXRpbmcucm8lMkZpZGVudGl0YXRlLXZpenVhbGElMkYlMjIlMjB0YXJnZXQlM0QlMjJfYmxhbmslMjIlMjBzdHlsZSUzRCUyMmNvbG9yJTNBJTIwJTIzNTEwM0EzJTNCJTIwdGV4dC1kZWNvcmF0aW9uJTNBJTIwbm9uZSUzQiUyMiUzRSUwQSUyMCUyMCUyMCUyMENvbnRlbnQlMjBNYXJrZXRpbmclMjAlMjYlMjBDb3B5d3JpdGluZyUwQSUyMCUyMCUzQyUyRmElM0UlMEElM0MlMkZoNCUzRSUwQSUzQ3AlMjBzdHlsZSUzRCUyMmZvbnQtZmFtaWx5JTNBJTIwJTI3Q29jb2dvb3NlJTIwQ2xhc3NpYyUyMExpZ2h0JTI3JTJDJTIwc2Fucy1zZXJpZiUzQiUyMiUzRSUwQSUyMCUyMExpdnIlQzQlODNtJTIwY29uJUM4JTlCaW51dCUyMHN0cmF0ZWdpYyUyMCVDOCU5OWklMjBvcHRpbWl6YXQlMjBTRU8lMjAlRTIlODAlOTMlMjBkZSUyMGxhJTIwYXJ0aWNvbGUlMjAlQzglOTlpJTIwZGVzY3JpZXJpJTIwcCVDMyVBMm4lQzQlODMlMjBsYSUyMHBvc3QlQzQlODNyaSUyMCVDOCU5OWklMjB0ZXh0ZSUyMHBlbnRydSUyMGNhbXBhbmlpJTIwZGlnaXRhbGUuJTBBJTNDJTJGcCUzRQ==[\/vc_raw_html][\/vc_column_inner][vc_column_inner width=&#8221;1\/2&#8243; offset=&#8221;vc_col-md-4&#8243;][ts_icon_box icon=&#8221;32&#8243;][vc_raw_html css=&#8221;&#8221;]JTNDaDQlMjBzdHlsZSUzRCUyMmZvbnQtZmFtaWx5JTNBJTIwJTI3Q29jb2dvb3NlJTIwQ2xhc3NpYyUyMExpZ2h0JTI3JTJDJTIwc2Fucy1zZXJpZiUzQiUyMiUzRSUwQSUyMCUyMCUzQ2ElMjBocmVmJTNEJTIyaHR0cHMlM0ElMkYlMkZlbXBpcmVtYXJrZXRpbmcucm8lMkZpZGVudGl0YXRlLXZpenVhbGElMkYlMjIlMjB0YXJnZXQlM0QlMjJfYmxhbmslMjIlMjBzdHlsZSUzRCUyMmNvbG9yJTNBJTIwJTIzNTEwM0EzJTNCJTIwdGV4dC1kZWNvcmF0aW9uJTNBJTIwbm9uZSUzQiUyMiUzRSUwQSUyMCUyMCUyMCUyME9wdGltaXphcmUlMjBTRU8lMjAlMjYlMjBWaXppYmlsaXRhdGUlMjBPcmdhbmljJUM0JTgzJTBBJTIwJTIwJTNDJTJGYSUzRSUwQSUzQyUyRmg0JTNFJTBBJTNDcCUyMHN0eWxlJTNEJTIyZm9udC1mYW1pbHklM0ElMjAlMjdDb2NvZ29vc2UlMjBDbGFzc2ljJTIwTGlnaHQlMjclMkMlMjBzYW5zLXNlcmlmJTNCJTIyJTNFJTBBJTIwJTIwSW1wbGVtZW50JUM0JTgzbSUyMHN0cmF0ZWdpaSUyMFNFTyUyMGNvbXBsZXRlJTIwJTI4b24tcGFnZSUyMCUyNiUyMG9mZi1wYWdlJTI5JTIwcGVudHJ1JTIwYSUyMGNyZSVDOCU5OXRlJTIwcG96aSVDOCU5QmlvbmFyZWElMjBzaXRlLXVsdWklMjAlQzMlQUVuJTIwR29vZ2xlJTIwJUM4JTk5aSUyMGElMjBhdHJhZ2UlMjB0cmFmaWMlMjByZWxldmFudC4lMEElM0MlMkZwJTNF[\/vc_raw_html][\/vc_column_inner][vc_column_inner width=&#8221;1\/2&#8243; offset=&#8221;vc_col-md-4&#8243;][ts_icon_box icon=&#8221;37&#8243;][vc_raw_html css=&#8221;&#8221;]JTNDaDQlMjBzdHlsZSUzRCUyMmZvbnQtZmFtaWx5JTNBJTIwJTI3Q29jb2dvb3NlJTIwQ2xhc3NpYyUyMExpZ2h0JTI3JTJDJTIwc2Fucy1zZXJpZiUzQiUyMiUzRSUwQSUyMCUyMCUzQ2ElMjBocmVmJTNEJTIyaHR0cHMlM0ElMkYlMkZlbXBpcmVtYXJrZXRpbmcucm8lMkZpZGVudGl0YXRlLXZpenVhbGElMkYlMjIlMjB0YXJnZXQlM0QlMjJfYmxhbmslMjIlMjBzdHlsZSUzRCUyMmNvbG9yJTNBJTIwJTIzNTEwM0EzJTNCJTIwdGV4dC1kZWNvcmF0aW9uJTNBJTIwbm9uZSUzQiUyMiUzRSUwQSUyMCUyMCUyMCUyMFByb21vdmFyZSUyMERpZ2l0YWwlQzQlODMlMjBQbCVDNCU4M3RpdCVDNCU4MyUyMCUyOFBQQyUyMCUyNiUyMEFkcyUyOSUwQSUyMCUyMCUzQyUyRmElM0UlMEElM0MlMkZoNCUzRSUwQSUzQ3AlMjBzdHlsZSUzRCUyMmZvbnQtZmFtaWx5JTNBJTIwJTI3Q29jb2dvb3NlJTIwQ2xhc3NpYyUyMExpZ2h0JTI3JTJDJTIwc2Fucy1zZXJpZiUzQiUyMiUzRSUwQSUyMCUyMERlcnVsJUM0JTgzbSUyMGNhbXBhbmlpJTIwcGVyZm9ybWFudGUlMjBwZSUyMEdvb2dsZSUyQyUyMEZhY2Vib29rJTJDJTIwSW5zdGFncmFtJTIwJUM4JTk5aSUyMExpbmtlZEluJTJDJTIwY3UlMjBmb2N1cyUyMHBlJTIwcmV6dWx0YXRlJTIwbSVDNCU4M3N1cmFiaWxlJTIwJUM4JTk5aSUyMHJlbnRhYmlsaXRhdGUlMjBjcmVzY3V0JUM0JTgzLiUwQSUzQyUyRnAlM0U=[\/vc_raw_html][\/vc_column_inner][vc_column_inner width=&#8221;1\/2&#8243; offset=&#8221;vc_col-md-4&#8243;][ts_icon_box icon=&#8221;34&#8243;][vc_raw_html css=&#8221;&#8221;]JTNDaDQlMjBzdHlsZSUzRCUyMmZvbnQtZmFtaWx5JTNBJTIwJTI3Q29jb2dvb3NlJTIwQ2xhc3NpYyUyMExpZ2h0JTI3JTJDJTIwc2Fucy1zZXJpZiUzQiUyMiUzRSUwQSUyMCUyMCUzQ2ElMjBocmVmJTNEJTIyaHR0cHMlM0ElMkYlMkZlbXBpcmVtYXJrZXRpbmcucm8lMkZpZGVudGl0YXRlLXZpenVhbGElMkYlMjIlMjB0YXJnZXQlM0QlMjJfYmxhbmslMjIlMjBzdHlsZSUzRCUyMmNvbG9yJTNBJTIwJTIzNTEwM0EzJTNCJTIwdGV4dC1kZWNvcmF0aW9uJTNBJTIwbm9uZSUzQiUyMiUzRSUwQSUyMCUyMCUyMCUyMFN0cmF0ZWdpZSUyMERpZ2l0YWwlQzQlODMlMjBQZXJzb25hbGl6YXQlQzQlODMlMEElMjAlMjAlM0MlMkZhJTNFJTBBJTNDJTJGaDQlM0UlMEElM0NwJTIwc3R5bGUlM0QlMjJmb250LWZhbWlseSUzQSUyMCUyN0NvY29nb29zZSUyMENsYXNzaWMlMjBMaWdodCUyNyUyQyUyMHNhbnMtc2VyaWYlM0IlMjIlM0UlMEElMjAlMjBBbmFsaXolQzQlODNtJTIwbmV2b2lsZSUyMGFmYWNlcmlpJTIwdGFsZSUyMCVDOCU5OWklMjBjb25zdHJ1aW0lMjBwbGFudXJpJTIwZGUlMjBtYXJrZXRpbmclMjBpbnRlZ3JhdGUlMjBjYXJlJTIwY29uZWN0ZWF6JUM0JTgzJTIwY3JlYXRpdml0YXRlYSUyMGN1JTIwcGVyZm9ybWFuJUM4JTlCYSUyMGRpZ2l0YWwlQzQlODMuJTBBJTNDJTJGcCUzRQ==[\/vc_raw_html][\/vc_column_inner][\/vc_row_inner][\/vc_column][\/vc_row][vc_row section_background_color=&#8221;#f3f6fa&#8221; use_container=&#8221;yes&#8221; use_predefined_class=&#8221;yes&#8221; predefined_class=&#8221;bottom-purple&#8221; css=&#8221;.vc_custom_1595592213712{margin-right: 0px !important;margin-left: 0px !important;}&#8221;][vc_column css=&#8221;.vc_custom_1595592209023{padding-right: 0px !important;padding-left: 0px !important;}&#8221;][ts_section_title tagline=&#8221;WORK FLOW&#8221; title=&#8221;Empire este compania de strategie digital\u0103 lider \u00een inova\u021bie \u0219i rezultate remarcabile.&#8221;][ts_image_box_carousel details=&#8221;%5B%7B%22image%22%3A%22629%22%2C%22value%22%3A%2201.%22%2C%22title%22%3A%22Research%22%2C%22description%22%3A%22Analiz%C4%83m%20pia%C8%9Ba%2C%20comportamentul%20consumatorilor%20%C8%99i%20competi%C8%9Bia%20pentru%20a%20fundamenta%20decizii%20strategice%20solide.%5Cn%5Cn%5Cn%5Cn%22%7D%2C%7B%22image%22%3A%22633%22%2C%22value%22%3A%2202.%22%2C%22title%22%3A%22Planificare%22%2C%22description%22%3A%22Structur%C4%83m%20obiective%20clare%2C%20tactici%20eficiente%20%C8%99i%20canale%20potrivite%20pentru%20o%20strategie%20de%20marketing%20coerent%C4%83.%22%7D%2C%7B%22image%22%3A%22635%22%2C%22value%22%3A%2203.%22%2C%22title%22%3A%22Implementare%22%2C%22description%22%3A%22Punem%20%C3%AEn%20aplicare%20planul%20prin%20ac%C8%9Biuni%20concrete%2C%20campanii%20%C8%99i%20optimiz%C4%83ri%20orientate%20spre%20rezultate.%22%7D%5D&#8221;][\/vc_column][\/vc_row][vc_row section_background_color=&#8221;#5513a0&#8243; use_container=&#8221;yes&#8221; use_predefined_class=&#8221;yes&#8221; section_background_image=&#8221;55&#8243; predefined_class=&#8221;cta-bar&#8221; css=&#8221;.vc_custom_1595590813315{margin-right: 0px !important;margin-left: 0px !important;}&#8221;][vc_column css=&#8221;.vc_custom_1595590820259{padding-right: 0px !important;padding-left: 0px !important;}&#8221;][ts_cta_box title=&#8221;S\u0103 \u00eencepem dezvoltarea afacerii tale \u00eempreun\u0103.&#8221; button_label=&#8221;CERE O OFERT\u0102&#8221; button_url=&#8221;\/contact&#8221; tagline=&#8221;ALEGE SOLU\u021aIA COMPLET\u0102&#8221;][\/vc_column][\/vc_row][vc_row section_ratio=&#8221;0.8&#8243; use_container=&#8221;yes&#8221; use_predefined_class=&#8221;yes&#8221; section_background_image=&#8221;281&#8243;][vc_column][vc_row_inner][vc_column_inner][ts_section_title tagline=&#8221;SOLU\u021aII ORIENTATE SPRE REZULTATE&#8221; title=&#8221;Empire se distinge ca o agen\u021bie de marketing digital de top.&#8221;][ts_text_box]<\/p>\n<div style=\"font-family: 'Cocogoose Classic Light', sans-serif; color: #222; line-height: 1.6;\">\n<p>La <strong>Empire<\/strong>, livr\u0103m mai mult dec\u00e2t campanii \u2014 oferim rezultate. Suntem o <strong>agen\u021bie de marketing digital de top<\/strong>, dedicat\u0103 cre\u0103rii de <strong>strategii personalizate<\/strong> care genereaz\u0103 <strong>performan\u021b\u0103 real\u0103<\/strong> \u0219i <strong>cre\u0219tere vizibil\u0103<\/strong>.<\/p>\n<p>Ne diferen\u021biem prin <strong>abordarea orientat\u0103 spre date<\/strong>, <strong>creativitate aplicat\u0103<\/strong> \u0219i focus constant pe <strong>obiectivele clientului<\/strong>. De la <strong>SEO<\/strong> \u0219i <strong>Google Ads<\/strong> la <strong>content marketing<\/strong> \u0219i <strong>social media<\/strong>, fiecare solu\u021bie pe care o implement\u0103m este construit\u0103 pentru impact.<\/p>\n<ul style=\"margin-top: 10px; padding-left: 20px;\">\n<li><strong>Rezultate m\u0103surabile<\/strong><\/li>\n<li><strong>Parteneriat transparent<\/strong><\/li>\n<li><strong>Strategii adaptate pie\u021bei tale<\/strong><\/li>\n<\/ul>\n<p><strong>Empire<\/strong> este partenerul t\u0103u de \u00eencredere pentru <strong>performan\u021b\u0103 digital\u0103<\/strong>.<\/div>\n<p>[\/ts_text_box][\/vc_column_inner][\/vc_row_inner][vc_row_inner el_class=&#8221;justify-center&#8221;][vc_column_inner offset=&#8221;vc_col-lg-3 vc_col-md-4&#8243;][ts_counter_box image=&#8221;68&#8243; value=&#8221;57&#8243; symbol=&#8221;+&#8221; description=&#8221;Proiecte gestionate lunar&#8221;][\/vc_column_inner][vc_column_inner offset=&#8221;vc_col-lg-3 vc_col-md-4&#8243;][ts_counter_box image=&#8221;67&#8243; value=&#8221;30&#8243; symbol=&#8221;k&#8221; description=&#8221;Keyword-uri identificate&#8221;][\/vc_column_inner][vc_column_inner offset=&#8221;vc_col-lg-3 vc_col-md-4&#8243;][ts_counter_box image=&#8221;66&#8243; value=&#8221;62&#8243; symbol=&#8221;+&#8221; description=&#8221;Index\u0103ri pe Google&#8221;][\/vc_column_inner][\/vc_row_inner][\/vc_column][\/vc_row][vc_row content_placement=&#8221;middle&#8221; section_background_color=&#8221;#f3f6fa&#8221; use_container=&#8221;yes&#8221;][vc_column offset=&#8221;vc_col-md-5&#8243;][ts_section_title spacing=&#8221;no-spacing&#8221; tagline=&#8221;PLANURI \u0218I PRE\u021aURI&#8221; title=&#8221;Un plan de marketing digital pentru afaceri&#8221; description=&#8221;Planul nostru de marketing este construit \u00een jurul afacerii tale. Echipa noastr\u0103 lucreaz\u0103 transparent, oferindu-\u021bi control asupra activit\u0103\u021bilor tale de marketing.&#8221;][\/vc_column][vc_column offset=&#8221;vc_col-md-7&#8243;][vc_row_inner][vc_column_inner width=&#8221;1\/2&#8243;][ts_price_box icon=&#8221;33&#8243; title=&#8221;Identitate digital\u0103&#8221; currency=&#8221;\u20ac&#8221; price=&#8221;600&#8243; time=&#8221;Pachet&#8221; description=&#8221;Price Plans<\/p>\n<ul>\n<li>Site SEO<\/li>\n<li>Site Optimization<\/li>\n<li>Montly Report&lt;\/li<\/li>\n<li>Keywords Research<\/li>\n<\/ul>\n<p>&#8221; button_label=&#8221;SELECTEAZ\u0102&#8221; button_url=&#8221;\/contact\/&#8221; details=&#8221;%5B%7B%22list%22%3A%22Branding%22%7D%2C%7B%22list%22%3A%22Web%20Design%22%7D%2C%7B%22list%22%3A%22SEO%22%7D%2C%7B%22list%22%3A%22Content%22%7D%5D&#8221;][\/vc_column_inner][vc_column_inner width=&#8221;1\/2&#8243;][ts_price_box icon=&#8221;37&#8243; title=&#8221;Performance Marketing&#8221; currency=&#8221;\u20ac&#8221; price=&#8221;350&#8243; time=&#8221;Lun\u0103&#8221; description=&#8221;<\/p>\n<ul>\n<li>Site SEO<\/li>\n<li>Site Optimization<\/li>\n<li>Montly Report<\/li>\n<li>Keywords Research<\/li>\n<\/ul>\n<p>&#8221; button_label=&#8221;SELECTEAZ\u0102&#8221; button_url=&#8221;\/contact\/&#8221; details=&#8221;%5B%7B%22list%22%3A%22Google%20Ads%22%7D%2C%7B%22list%22%3A%22Meta%20Ads%22%7D%2C%7B%22list%22%3A%22LinkedIn%20%22%7D%2C%7B%22list%22%3A%22Remarketing%22%7D%5D&#8221;][\/vc_column_inner][\/vc_row_inner][\/vc_column][\/vc_row][vc_row content_placement=&#8221;middle&#8221; section_ratio=&#8221;0.8&#8243; use_container=&#8221;yes&#8221; section_background_image=&#8221;282&#8243;][vc_column offset=&#8221;vc_col-md-4&#8243;][ts_image_box image=&#8221;122&#8243; title=&#8221;Image&#8221;][\/vc_column][vc_column offset=&#8221;vc_col-md-offset-1 vc_col-md-7&#8243;][ts_section_title spacing=&#8221;no-spacing&#8221; tagline=&#8221;CONTACT&#8221; title=&#8221;Hai s\u0103 discut\u0103m proiectul t\u0103u!&#8221;]\n<div class=\"wpcf7 no-js\" id=\"wpcf7-f8-o1\" lang=\"en-US\" dir=\"ltr\" data-wpcf7-id=\"8\">\n<div class=\"screen-reader-response\"><p role=\"status\" aria-live=\"polite\" aria-atomic=\"true\"><\/p> <ul><\/ul><\/div>\n<form action=\"\/agentie-de-marketing\/wp-json\/wp\/v2\/pages\/14#wpcf7-f8-o1\" method=\"post\" class=\"wpcf7-form init\" aria-label=\"Contact form\" novalidate=\"novalidate\" data-status=\"init\">\n<fieldset class=\"hidden-fields-container\"><input type=\"hidden\" name=\"_wpcf7\" value=\"8\" \/><input type=\"hidden\" name=\"_wpcf7_version\" value=\"6.1.5\" \/><input type=\"hidden\" name=\"_wpcf7_locale\" value=\"en_US\" \/><input type=\"hidden\" name=\"_wpcf7_unit_tag\" value=\"wpcf7-f8-o1\" \/><input type=\"hidden\" name=\"_wpcf7_container_post\" value=\"0\" \/><input type=\"hidden\" name=\"_wpcf7_posted_data_hash\" value=\"\" \/>\n<\/fieldset>\n<p><label> Nume<br \/>\n<span class=\"wpcf7-form-control-wrap\" data-name=\"your-name\"><input size=\"40\" maxlength=\"400\" class=\"wpcf7-form-control wpcf7-text wpcf7-validates-as-required\" autocomplete=\"name\" aria-required=\"true\" aria-invalid=\"false\" value=\"\" type=\"text\" name=\"your-name\" \/><\/span> <\/label>\n<\/p>\n<p><label> Email<br \/>\n<span class=\"wpcf7-form-control-wrap\" data-name=\"your-email\"><input size=\"40\" maxlength=\"400\" class=\"wpcf7-form-control wpcf7-email wpcf7-validates-as-required wpcf7-text wpcf7-validates-as-email\" autocomplete=\"email\" aria-required=\"true\" aria-invalid=\"false\" value=\"\" type=\"email\" name=\"your-email\" \/><\/span> <\/label>\n<\/p>\n<p><label> Subiect<br \/>\n<span class=\"wpcf7-form-control-wrap\" data-name=\"your-subject\"><input size=\"40\" maxlength=\"400\" class=\"wpcf7-form-control wpcf7-text wpcf7-validates-as-required\" aria-required=\"true\" aria-invalid=\"false\" value=\"\" type=\"text\" name=\"your-subject\" \/><\/span> <\/label>\n<\/p>\n<p><label> Mesaj (optional)<br \/>\n<span class=\"wpcf7-form-control-wrap\" data-name=\"your-message\"><textarea cols=\"40\" rows=\"10\" maxlength=\"2000\" class=\"wpcf7-form-control wpcf7-textarea\" aria-invalid=\"false\" name=\"your-message\"><\/textarea><\/span> <\/label>\n<\/p>\n<p><input class=\"wpcf7-form-control wpcf7-submit has-spinner\" type=\"submit\" value=\"Trimite\" \/>\n<\/p><div class=\"wpcf7-response-output\" aria-hidden=\"true\"><\/div>\n<\/form>\n<\/div>\n[\/vc_column][\/vc_row]<\/p>\n<\/div>","protected":false},"excerpt":{"rendered":"<p>[vc_row content_placement=&#8221;top&#8221; anchor_wrap_section=&#8221;no&#8221; css=&#8221;.vc_custom_1726142894092{background-color: #5513a0 !important;}&#8221;][vc_column css=&#8221;.vc_custom_1727074511099{margin-left: 0px !important;border-left-width: 0px !important;}&#8221; offset=&#8221;vc_col-xs-12&#8243;][ts_hero_slider hero_slider=&#8221;18&#8243;][\/vc_column][\/vc_row][vc_row section_ratio=&#8221;0.8&#8243; use_container=&#8221;yes&#8221; section_background_image=&#8221;281&#8243;][vc_column][vc_row_inner][vc_column_inner][ts_section_title tagline=&#8221;SERVICII DE MARKETING&#8221; title=&#8221;O agen\u021bie de marketing de top, care ofer\u0103 solu\u021bii complete.&#8221;][\/vc_column_inner][\/vc_row_inner][vc_row_inner][vc_column_inner width=&#8221;1\/2&#8243; offset=&#8221;vc_col-md-4&#8243;][ts_icon_box icon=&#8221;33&#8243;][vc_raw_html css=&#8221;&#8221;]JTNDaDQlMjBzdHlsZSUzRCUyMmZvbnQtZmFtaWx5JTNBJTIwJTI3Q29jb2dvb3NlJTIwQ2xhc3NpYyUyMExpZ2h0JTI3JTJDJTIwc2Fucy1zZXJpZiUzQiUyMiUzRSUwQSUyMCUyMCUzQ2ElMjBocmVmJTNEJTIyaHR0cHMlM0ElMkYlMkZlbXBpcmVtYXJrZXRpbmcucm8lMkZhZ2VudGllLWRlLW1hcmtldGluZyUyRmJyYW5kaW5nJTJGJTIyJTIwdGFyZ2V0JTNEJTIyX2JsYW5rJTIyJTIwc3R5bGUlM0QlMjJjb2xvciUzQSUyMCUyMzUxMDNBMyUzQiUyMHRleHQtZGVjb3JhdGlvbiUzQSUyMG5vbmUlM0IlMjIlM0UlMEElMjAlMjAlMjAlMjBJZGVudGl0YXRlJTIwVml6dWFsJUM0JTgzJTIwJTI2JTIwQnJhbmRpbmclMEElMjAlMjAlM0MlMkZhJTNFJTBBJTNDJTJGaDQlM0UlMEElM0NwJTIwc3R5bGUlM0QlMjJmb250LWZhbWlseSUzQSUyMCUyN0NvY29nb29zZSUyMENsYXNzaWMlMjBMaWdodCUyNyUyQyUyMHNhbnMtc2VyaWYlM0IlMjIlM0UlMEElMjAlMjBDb25zdHJ1aW0lMjBicmFuZHVyaSUyMG1lbW9yYWJpbGUlMjBwcmluJTIwZGVzaWduJTIwZGUlMjBsb2dvJTJDJTIwcGFsZXQlQzQlODMlMjBkZSUyMGN1bG9yaSUyQyUyMHRpcG9ncmFmaWUlMjAlQzglOTlpJTIwZ2hpZHVyaSUyMHZpenVhbGUlMjBjYXJlJTIwcmVmbGVjdCVDNCU4MyUyMHBlcnNvbmFsaXRhdGVhJTIwYWZhY2VyaWklMjB0YWxlLiUwQSUzQyUyRnAlM0U=[\/vc_raw_html][\/vc_column_inner][vc_column_inner width=&#8221;1\/2&#8243; offset=&#8221;vc_col-md-4&#8243;][ts_icon_box icon=&#8221;35&#8243;][vc_raw_html css=&#8221;&#8221;]JTNDaDQlMjBzdHlsZSUzRCUyMmZvbnQtZmFtaWx5JTNBJTIwJTI3Q29jb2dvb3NlJTIwQ2xhc3NpYyUyMExpZ2h0JTI3JTJDJTIwc2Fucy1zZXJpZiUzQiUyMiUzRSUwQSUyMCUyMCUzQ2ElMjBocmVmJTNEJTIyaHR0cHMlM0ElMkYlMkZlbXBpcmVtYXJrZXRpbmcucm8lMkZpZGVudGl0YXRlLXZpenVhbGElMkYlMjIlMjB0YXJnZXQlM0QlMjJfYmxhbmslMjIlMjBzdHlsZSUzRCUyMmNvbG9yJTNBJTIwJTIzNTEwM0EzJTNCJTIwdGV4dC1kZWNvcmF0aW9uJTNBJTIwbm9uZSUzQiUyMiUzRSUyMCUwQVdlYiUyMERlc2lnbiUyMCUyNiUyMERlenZvbHRhcmUlMEElMjAlMjAlM0MlMkZhJTNFJTBBJTNDJTJGaDQlM0UlMEElM0NwJTIwc3R5bGUlM0QlMjJmb250LWZhbWlseSUzQSUyMCUyN0NvY29nb29zZSUyMENsYXNzaWMlMjBMaWdodCUyNyUyQyUyMHNhbnMtc2VyaWYlM0IlMjIlM0UlMEElMjAlMjBDcmUlQzQlODNtJTIwc2l0ZS11cmklMjBtb2Rlcm5lJTJDJTIwcmVzcG9uc2l2ZSUyMCVDOCU5OWklMjByYXBpZGUlMkMlMjBjdSUyMGZvY3VzJTIwcGUlMjBleHBlcmllbiVDOCU5QmElMjB1dGlsaXphdG9ydWx1aSUyMCVDOCU5OWklMjBvcHRpbWl6YXJlJTIwcGVudHJ1JTIwY29udmVyc2lpLiUwQSUzQyUyRnAlM0U=[\/vc_raw_html][\/vc_column_inner][vc_column_inner width=&#8221;1\/2&#8243; offset=&#8221;vc_col-md-4&#8243;][ts_icon_box icon=&#8221;36&#8243;][vc_raw_html css=&#8221;&#8221;]JTNDaDQlMjBzdHlsZSUzRCUyMmZvbnQtZmFtaWx5JTNBJTIwJTI3Q29jb2dvb3NlJTIwQ2xhc3NpYyUyMExpZ2h0JTI3JTJDJTIwc2Fucy1zZXJpZiUzQiUyMiUzRSUwQSUyMCUyMCUzQ2ElMjBocmVmJTNEJTIyaHR0cHMlM0ElMkYlMkZlbXBpcmVtYXJrZXRpbmcucm8lMkZpZGVudGl0YXRlLXZpenVhbGElMkYlMjIlMjB0YXJnZXQlM0QlMjJfYmxhbmslMjIlMjBzdHlsZSUzRCUyMmNvbG9yJTNBJTIwJTIzNTEwM0EzJTNCJTIwdGV4dC1kZWNvcmF0aW9uJTNBJTIwbm9uZSUzQiUyMiUzRSUwQSUyMCUyMCUyMCUyMENvbnRlbnQlMjBNYXJrZXRpbmclMjAlMjYlMjBDb3B5d3JpdGluZyUwQSUyMCUyMCUzQyUyRmElM0UlMEElM0MlMkZoNCUzRSUwQSUzQ3AlMjBzdHlsZSUzRCUyMmZvbnQtZmFtaWx5JTNBJTIwJTI3Q29jb2dvb3NlJTIwQ2xhc3NpYyUyMExpZ2h0JTI3JTJDJTIwc2Fucy1zZXJpZiUzQiUyMiUzRSUwQSUyMCUyMExpdnIlQzQlODNtJTIwY29uJUM4JTlCaW51dCUyMHN0cmF0ZWdpYyUyMCVDOCU5OWklMjBvcHRpbWl6YXQlMjBTRU8lMjAlRTIlODAlOTMlMjBkZSUyMGxhJTIwYXJ0aWNvbGUlMjAlQzglOTlpJTIwZGVzY3JpZXJpJTIwcCVDMyVBMm4lQzQlODMlMjBsYSUyMHBvc3QlQzQlODNyaSUyMCVDOCU5OWklMjB0ZXh0ZSUyMHBlbnRydSUyMGNhbXBhbmlpJTIwZGlnaXRhbGUuJTBBJTNDJTJGcCUzRQ==[\/vc_raw_html][\/vc_column_inner][vc_column_inner width=&#8221;1\/2&#8243; offset=&#8221;vc_col-md-4&#8243;][ts_icon_box icon=&#8221;32&#8243;][vc_raw_html css=&#8221;&#8221;]JTNDaDQlMjBzdHlsZSUzRCUyMmZvbnQtZmFtaWx5JTNBJTIwJTI3Q29jb2dvb3NlJTIwQ2xhc3NpYyUyMExpZ2h0JTI3JTJDJTIwc2Fucy1zZXJpZiUzQiUyMiUzRSUwQSUyMCUyMCUzQ2ElMjBocmVmJTNEJTIyaHR0cHMlM0ElMkYlMkZlbXBpcmVtYXJrZXRpbmcucm8lMkZpZGVudGl0YXRlLXZpenVhbGElMkYlMjIlMjB0YXJnZXQlM0QlMjJfYmxhbmslMjIlMjBzdHlsZSUzRCUyMmNvbG9yJTNBJTIwJTIzNTEwM0EzJTNCJTIwdGV4dC1kZWNvcmF0aW9uJTNBJTIwbm9uZSUzQiUyMiUzRSUwQSUyMCUyMCUyMCUyME9wdGltaXphcmUlMjBTRU8lMjAlMjYlMjBWaXppYmlsaXRhdGUlMjBPcmdhbmljJUM0JTgzJTBBJTIwJTIwJTNDJTJGYSUzRSUwQSUzQyUyRmg0JTNFJTBBJTNDcCUyMHN0eWxlJTNEJTIyZm9udC1mYW1pbHklM0ElMjAlMjdDb2NvZ29vc2UlMjBDbGFzc2ljJTIwTGlnaHQlMjclMkMlMjBzYW5zLXNlcmlmJTNCJTIyJTNFJTBBJTIwJTIwSW1wbGVtZW50JUM0JTgzbSUyMHN0cmF0ZWdpaSUyMFNFTyUyMGNvbXBsZXRlJTIwJTI4b24tcGFnZSUyMCUyNiUyMG9mZi1wYWdlJTI5JTIwcGVudHJ1JTIwYSUyMGNyZSVDOCU5OXRlJTIwcG96aSVDOCU5QmlvbmFyZWElMjBzaXRlLXVsdWklMjAlQzMlQUVuJTIwR29vZ2xlJTIwJUM4JTk5aSUyMGElMjBhdHJhZ2UlMjB0cmFmaWMlMjByZWxldmFudC4lMEElM0MlMkZwJTNF[\/vc_raw_html][\/vc_column_inner][vc_column_inner width=&#8221;1\/2&#8243; offset=&#8221;vc_col-md-4&#8243;][ts_icon_box icon=&#8221;37&#8243;][vc_raw_html css=&#8221;&#8221;]JTNDaDQlMjBzdHlsZSUzRCUyMmZvbnQtZmFtaWx5JTNBJTIwJTI3Q29jb2dvb3NlJTIwQ2xhc3NpYyUyMExpZ2h0JTI3JTJDJTIwc2Fucy1zZXJpZiUzQiUyMiUzRSUwQSUyMCUyMCUzQ2ElMjBocmVmJTNEJTIyaHR0cHMlM0ElMkYlMkZlbXBpcmVtYXJrZXRpbmcucm8lMkZpZGVudGl0YXRlLXZpenVhbGElMkYlMjIlMjB0YXJnZXQlM0QlMjJfYmxhbmslMjIlMjBzdHlsZSUzRCUyMmNvbG9yJTNBJTIwJTIzNTEwM0EzJTNCJTIwdGV4dC1kZWNvcmF0aW9uJTNBJTIwbm9uZSUzQiUyMiUzRSUwQSUyMCUyMCUyMCUyMFByb21vdmFyZSUyMERpZ2l0YWwlQzQlODMlMjBQbCVDNCU4M3RpdCVDNCU4MyUyMCUyOFBQQyUyMCUyNiUyMEFkcyUyOSUwQSUyMCUyMCUzQyUyRmElM0UlMEElM0MlMkZoNCUzRSUwQSUzQ3AlMjBzdHlsZSUzRCUyMmZvbnQtZmFtaWx5JTNBJTIwJTI3Q29jb2dvb3NlJTIwQ2xhc3NpYyUyMExpZ2h0JTI3JTJDJTIwc2Fucy1zZXJpZiUzQiUyMiUzRSUwQSUyMCUyMERlcnVsJUM0JTgzbSUyMGNhbXBhbmlpJTIwcGVyZm9ybWFudGUlMjBwZSUyMEdvb2dsZSUyQyUyMEZhY2Vib29rJTJDJTIwSW5zdGFncmFtJTIwJUM4JTk5aSUyMExpbmtlZEluJTJDJTIwY3UlMjBmb2N1cyUyMHBlJTIwcmV6dWx0YXRlJTIwbSVDNCU4M3N1cmFiaWxlJTIwJUM4JTk5aSUyMHJlbnRhYmlsaXRhdGUlMjBjcmVzY3V0JUM0JTgzLiUwQSUzQyUyRnAlM0U=[\/vc_raw_html][\/vc_column_inner][vc_column_inner width=&#8221;1\/2&#8243; offset=&#8221;vc_col-md-4&#8243;][ts_icon_box icon=&#8221;34&#8243;][vc_raw_html css=&#8221;&#8221;]JTNDaDQlMjBzdHlsZSUzRCUyMmZvbnQtZmFtaWx5JTNBJTIwJTI3Q29jb2dvb3NlJTIwQ2xhc3NpYyUyMExpZ2h0JTI3JTJDJTIwc2Fucy1zZXJpZiUzQiUyMiUzRSUwQSUyMCUyMCUzQ2ElMjBocmVmJTNEJTIyaHR0cHMlM0ElMkYlMkZlbXBpcmVtYXJrZXRpbmcucm8lMkZpZGVudGl0YXRlLXZpenVhbGElMkYlMjIlMjB0YXJnZXQlM0QlMjJfYmxhbmslMjIlMjBzdHlsZSUzRCUyMmNvbG9yJTNBJTIwJTIzNTEwM0EzJTNCJTIwdGV4dC1kZWNvcmF0aW9uJTNBJTIwbm9uZSUzQiUyMiUzRSUwQSUyMCUyMCUyMCUyMFN0cmF0ZWdpZSUyMERpZ2l0YWwlQzQlODMlMjBQZXJzb25hbGl6YXQlQzQlODMlMEElMjAlMjAlM0MlMkZhJTNFJTBBJTNDJTJGaDQlM0UlMEElM0NwJTIwc3R5bGUlM0QlMjJmb250LWZhbWlseSUzQSUyMCUyN0NvY29nb29zZSUyMENsYXNzaWMlMjBMaWdodCUyNyUyQyUyMHNhbnMtc2VyaWYlM0IlMjIlM0UlMEElMjAlMjBBbmFsaXolQzQlODNtJTIwbmV2b2lsZSUyMGFmYWNlcmlpJTIwdGFsZSUyMCVDOCU5OWklMjBjb25zdHJ1aW0lMjBwbGFudXJpJTIwZGUlMjBtYXJrZXRpbmclMjBpbnRlZ3JhdGUlMjBjYXJlJTIwY29uZWN0ZWF6JUM0JTgzJTIwY3JlYXRpdml0YXRlYSUyMGN1JTIwcGVyZm9ybWFuJUM4JTlCYSUyMGRpZ2l0YWwlQzQlODMuJTBBJTNDJTJGcCUzRQ==[\/vc_raw_html][\/vc_column_inner][\/vc_row_inner][\/vc_column][\/vc_row][vc_row section_background_color=&#8221;#f3f6fa&#8221; use_container=&#8221;yes&#8221; [&hellip;]<\/p>\n","protected":false},"author":1,"featured_media":0,"parent":0,"menu_order":0,"comment_status":"closed","ping_status":"closed","template":"page-builder.php","meta":{"_monsterinsights_skip_tracking":false,"_monsterinsights_sitenote_active":false,"_monsterinsights_sitenote_note":"","_monsterinsights_sitenote_category":0,"footnotes":""},"class_list":["post-14","page","type-page","status-publish","hentry"],"aioseo_notices":[],"acf":[],"_links":{"self":[{"href":"https:\/\/empiremarketing.ro\/agentie-de-marketing\/wp-json\/wp\/v2\/pages\/14","targetHints":{"allow":["GET"]}}],"collection":[{"href":"https:\/\/empiremarketing.ro\/agentie-de-marketing\/wp-json\/wp\/v2\/pages"}],"about":[{"href":"https:\/\/empiremarketing.ro\/agentie-de-marketing\/wp-json\/wp\/v2\/types\/page"}],"author":[{"embeddable":true,"href":"https:\/\/empiremarketing.ro\/agentie-de-marketing\/wp-json\/wp\/v2\/users\/1"}],"replies":[{"embeddable":true,"href":"https:\/\/empiremarketing.ro\/agentie-de-marketing\/wp-json\/wp\/v2\/comments?post=14"}],"version-history":[{"count":143,"href":"https:\/\/empiremarketing.ro\/agentie-de-marketing\/wp-json\/wp\/v2\/pages\/14\/revisions"}],"predecessor-version":[{"id":670,"href":"https:\/\/empiremarketing.ro\/agentie-de-marketing\/wp-json\/wp\/v2\/pages\/14\/revisions\/670"}],"wp:attachment":[{"href":"https:\/\/empiremarketing.ro\/agentie-de-marketing\/wp-json\/wp\/v2\/media?parent=14"}],"curies":[{"name":"wp","href":"https:\/\/api.w.org\/{rel}","templated":true}]}}