{"id":142,"date":"2020-07-22T06:50:21","date_gmt":"2020-07-22T06:50:21","guid":{"rendered":"http:\/\/obour.themezinho.net\/?page_id=142"},"modified":"2024-10-11T08:45:07","modified_gmt":"2024-10-11T06:45:07","slug":"contact","status":"publish","type":"page","link":"https:\/\/empiremarketing.ro\/agentie-de-marketing\/contact\/","title":{"rendered":"Contact"},"content":{"rendered":"<div class=\"wpb-content-wrapper\"><p>[vc_row use_container=&#8221;yes&#8221;][vc_column][vc_row_inner][vc_column_inner][ts_section_title tagline=&#8221;SALUT&#8221; title=&#8221;Ai \u00eentreb\u0103ri sau ai nevoie de suport pentru promovarea brandului t\u0103u?&#8221;][\/vc_column_inner][\/vc_row_inner][ts_text_box]Descoper\u0103 cum putem colabora pentru succesul afacerii tale. Contacteaz\u0103-ne ast\u0103zi \u0219i hai s\u0103 discut\u0103m despre solu\u021biile noastre de marketing adaptate nevoilor tale.[\/ts_text_box][vc_row_inner equal_height=&#8221;yes&#8221; css=&#8221;.vc_custom_1725452386132{padding-right: px !important;}&#8221;][vc_column_inner width=&#8221;2\/4&#8243;]\n<div class=\"wpcf7 no-js\" id=\"wpcf7-f8-o1\" lang=\"en-US\" dir=\"ltr\" data-wpcf7-id=\"8\">\n<div class=\"screen-reader-response\"><p role=\"status\" aria-live=\"polite\" aria-atomic=\"true\"><\/p> <ul><\/ul><\/div>\n<form action=\"\/agentie-de-marketing\/wp-json\/wp\/v2\/pages\/142#wpcf7-f8-o1\" method=\"post\" class=\"wpcf7-form init\" aria-label=\"Contact form\" novalidate=\"novalidate\" data-status=\"init\">\n<fieldset class=\"hidden-fields-container\"><input type=\"hidden\" name=\"_wpcf7\" value=\"8\" \/><input type=\"hidden\" name=\"_wpcf7_version\" value=\"6.1.5\" \/><input type=\"hidden\" name=\"_wpcf7_locale\" value=\"en_US\" \/><input type=\"hidden\" name=\"_wpcf7_unit_tag\" value=\"wpcf7-f8-o1\" \/><input type=\"hidden\" name=\"_wpcf7_container_post\" value=\"0\" \/><input type=\"hidden\" name=\"_wpcf7_posted_data_hash\" value=\"\" \/>\n<\/fieldset>\n<p><label> Nume<br \/>\n<span class=\"wpcf7-form-control-wrap\" data-name=\"your-name\"><input size=\"40\" maxlength=\"400\" class=\"wpcf7-form-control wpcf7-text wpcf7-validates-as-required\" autocomplete=\"name\" aria-required=\"true\" aria-invalid=\"false\" value=\"\" type=\"text\" name=\"your-name\" \/><\/span> <\/label>\n<\/p>\n<p><label> Email<br \/>\n<span class=\"wpcf7-form-control-wrap\" data-name=\"your-email\"><input size=\"40\" maxlength=\"400\" class=\"wpcf7-form-control wpcf7-email wpcf7-validates-as-required wpcf7-text wpcf7-validates-as-email\" autocomplete=\"email\" aria-required=\"true\" aria-invalid=\"false\" value=\"\" type=\"email\" name=\"your-email\" \/><\/span> <\/label>\n<\/p>\n<p><label> Subiect<br \/>\n<span class=\"wpcf7-form-control-wrap\" data-name=\"your-subject\"><input size=\"40\" maxlength=\"400\" class=\"wpcf7-form-control wpcf7-text wpcf7-validates-as-required\" aria-required=\"true\" aria-invalid=\"false\" value=\"\" type=\"text\" name=\"your-subject\" \/><\/span> <\/label>\n<\/p>\n<p><label> Mesaj (optional)<br \/>\n<span class=\"wpcf7-form-control-wrap\" data-name=\"your-message\"><textarea cols=\"40\" rows=\"10\" maxlength=\"2000\" class=\"wpcf7-form-control wpcf7-textarea\" aria-invalid=\"false\" name=\"your-message\"><\/textarea><\/span> <\/label>\n<\/p>\n<p><input class=\"wpcf7-form-control wpcf7-submit has-spinner\" type=\"submit\" value=\"Trimite\" \/>\n<\/p><div class=\"wpcf7-response-output\" aria-hidden=\"true\"><\/div>\n<\/form>\n<\/div>\n[\/vc_column_inner][vc_column_inner width=&#8221;1\/4&#8243; css=&#8221;.vc_custom_1725453332200{margin-top: 30px !important;}&#8221;][ts_contact_box icon=&#8221;151&#8243; title=&#8221;TELEFON:&#8221; description=&#8221;0747357655&#8243;][\/vc_column_inner][vc_column_inner width=&#8221;1\/4&#8243; css=&#8221;.vc_custom_1725453340046{margin-top: 30px !important;}&#8221;][ts_contact_box icon=&#8221;149&#8243; title=&#8221;EMAIL:&#8221; description=&#8221;contact@empiremarketing.ro&#8221;][\/vc_column_inner][\/vc_row_inner][ts_google_maps iframe_url=&#8221;https:\/\/www.google.com\/maps\/embed?pb=!1m18!1m12!1m3!1d557.4916394413791!2d21.23021277035705!3d45.75645107009988!2m3!1f0!2f0!3f0!3m2!1i1024!2i768!4f13.1!3m3!1m2!1s0x4745677f99e80afb%3A0xca36922eeab442ac!2sStrada%20Eugeniu%20de%20Savoya%201%2C%20Timi%C8%99oara!5e0!3m2!1sro!2sro!4v1723045802746!5m2!1sro!2sro&#8222; width=&#8222;600&#8222; height=&#8222;450&#8222; style=&#8222;border:0;&#8222; allowfullscreen=&#8222;&#8222; loading=&#8222;lazy&#8222; referrerpolicy=&#8222;no-referrer-when-downgrade&#8221;][\/vc_column][\/vc_row]<\/p>\n<\/div>","protected":false},"excerpt":{"rendered":"<p>[vc_row use_container=&#8221;yes&#8221;][vc_column][vc_row_inner][vc_column_inner][ts_section_title tagline=&#8221;SALUT&#8221; title=&#8221;Ai \u00eentreb\u0103ri sau ai nevoie de suport pentru promovarea brandului t\u0103u?&#8221;][\/vc_column_inner][\/vc_row_inner][ts_text_box]Descoper\u0103 cum putem colabora pentru succesul afacerii tale. Contacteaz\u0103-ne ast\u0103zi \u0219i hai s\u0103 discut\u0103m despre solu\u021biile noastre de marketing adaptate nevoilor tale.[\/ts_text_box][vc_row_inner equal_height=&#8221;yes&#8221; css=&#8221;.vc_custom_1725452386132{padding-right: px !important;}&#8221;][vc_column_inner width=&#8221;2\/4&#8243;][\/vc_column_inner][vc_column_inner width=&#8221;1\/4&#8243; css=&#8221;.vc_custom_1725453332200{margin-top: 30px !important;}&#8221;][ts_contact_box icon=&#8221;151&#8243; title=&#8221;TELEFON:&#8221; description=&#8221;0747357655&#8243;][\/vc_column_inner][vc_column_inner width=&#8221;1\/4&#8243; css=&#8221;.vc_custom_1725453340046{margin-top: 30px !important;}&#8221;][ts_contact_box icon=&#8221;149&#8243; title=&#8221;EMAIL:&#8221; description=&#8221;contact@empiremarketing.ro&#8221;][\/vc_column_inner][\/vc_row_inner][ts_google_maps iframe_url=&#8221;https:\/\/www.google.com\/maps\/embed?pb=!1m18!1m12!1m3!1d557.4916394413791!2d21.23021277035705!3d45.75645107009988!2m3!1f0!2f0!3f0!3m2!1i1024!2i768!4f13.1!3m3!1m2!1s0x4745677f99e80afb%3A0xca36922eeab442ac!2sStrada%20Eugeniu%20de%20Savoya%201%2C%20Timi%C8%99oara!5e0!3m2!1sro!2sro!4v1723045802746!5m2!1sro!2sro&#8222; [&hellip;]<\/p>\n","protected":false},"author":1,"featured_media":0,"parent":0,"menu_order":0,"comment_status":"closed","ping_status":"closed","template":"page-builder.php","meta":{"_monsterinsights_skip_tracking":false,"_monsterinsights_sitenote_active":false,"_monsterinsights_sitenote_note":"","_monsterinsights_sitenote_category":0,"footnotes":""},"class_list":["post-142","page","type-page","status-publish","hentry"],"aioseo_notices":[],"acf":[],"_links":{"self":[{"href":"https:\/\/empiremarketing.ro\/agentie-de-marketing\/wp-json\/wp\/v2\/pages\/142","targetHints":{"allow":["GET"]}}],"collection":[{"href":"https:\/\/empiremarketing.ro\/agentie-de-marketing\/wp-json\/wp\/v2\/pages"}],"about":[{"href":"https:\/\/empiremarketing.ro\/agentie-de-marketing\/wp-json\/wp\/v2\/types\/page"}],"author":[{"embeddable":true,"href":"https:\/\/empiremarketing.ro\/agentie-de-marketing\/wp-json\/wp\/v2\/users\/1"}],"replies":[{"embeddable":true,"href":"https:\/\/empiremarketing.ro\/agentie-de-marketing\/wp-json\/wp\/v2\/comments?post=142"}],"version-history":[{"count":22,"href":"https:\/\/empiremarketing.ro\/agentie-de-marketing\/wp-json\/wp\/v2\/pages\/142\/revisions"}],"predecessor-version":[{"id":550,"href":"https:\/\/empiremarketing.ro\/agentie-de-marketing\/wp-json\/wp\/v2\/pages\/142\/revisions\/550"}],"wp:attachment":[{"href":"https:\/\/empiremarketing.ro\/agentie-de-marketing\/wp-json\/wp\/v2\/media?parent=142"}],"curies":[{"name":"wp","href":"https:\/\/api.w.org\/{rel}","templated":true}]}}